f + 2. Let i be ((-1)/4)/((-1)/8). Suppose i = -2*m + m. Let r be a(m). Calculate the highest common factor of r and 14.
14
Let p(g) = 139*g - 1. Let i be p(1). Suppose -a - 48 = -2*a - v, 0 = 3*a + v - i. Let c be 6/21 - (-206)/14. Calculate the greatest common divisor of c and a.
15
Let b(y) be the third derivative of 23*y**4/24 + 5*y**3/6 - y**2. Let p be b(6). Let o be ((-52)/(-16))/(2/8). What is the greatest common factor of p and o?
13
Suppose 23 = 4*s + 11. Let q be (s + -2 - 2) + 3. What is the highest common divisor of 3 and q?
1
Suppose 196 = 4*z - 212. What is the greatest common factor of z and 17?
17
Let u(q) = 3*q**2 - 3*q - 4. Let r be u(3). Suppose z = -3*s - 0*z + 374, 114 = s + 3*z. What is the highest common factor of s and r?
14
Let b = -6 - 6. Let s = b - -22. Let t = 176 + -96. What is the highest common divisor of s and t?
10
Let a = 65 + -64. Calculate the greatest common divisor of 2 and a.
1
Let k = 331 + -184. What is the highest common factor of k and 21?
21
Suppose -5*m + 44 = 14. Suppose m*g - 2*g - 44 = 0. Let i(h) = -13*h - 23. Let v be i(-6). Calculate the highest common factor of g and v.
11
Suppose 7*n - 534 = 201. What is the highest common divisor of n and 21?
21
Suppose 2*b + 4*w - 4 = -b, -2*w - 10 = 0. Let t = b + 7. What is the highest common factor of 15 and t?
15
Let m(u) = 4*u - 23. Let g be m(7). What is the highest common divisor of g and 20?
5
Suppose -4*a + 0*a = -120. Suppose 5*x + 9 - 79 = -5*f, -20 = -5*f. Calculate the highest common divisor of a and x.
10
Let s be 5/((-10)/(-8)) - (-1 - 364). What is the highest common factor of s and 41?
41
Let b(j) = 5*j**3 - 3*j**2 + 2*j - 2. Let q be b(2). Calculate the greatest common divisor of q and 30.
30
Let a = -360 - -512. Calculate the highest common divisor of a and 38.
38
Let p = 7 + 8. Suppose -y = -3 + 2. Let b(j) = 9*j**3 + j**2. Let k be b(y). What is the highest common divisor of k and p?
5
Let u = 12 - 7. Let v be 65/25 - (-2)/u. What is the highest common factor of v and 27?
3
Let b(c) = c**2 - 3. Let j be b(3). Let f be (-2)/j + 28/3. What is the greatest common factor of 1 and f?
1
Suppose -237 = -5*p + 2*o - 0*o, 5*o + 5 = 0. Suppose m = 72 + p. Calculate the greatest common divisor of m and 17.
17
Suppose m + 3*u + u = 19, 3*m = -u + 13. Suppose -3*v - 23 = -5*w, 16 = 5*w + m*v + v. What is the highest common factor of 36 and w?
4
Let k(u) = -u - 5. Let r be k(-6). Suppose 2*f = b + r, 4*b = -2*f + f - 4. Let x be f + 2*(-14)/(-4). Calculate the highest common factor of x and 7.
7
Let g(x) = -16*x**2 + x + 72*x**2 + 3*x**2. Let r be g(1). Calculate the greatest common divisor of r and 24.
12
Let k(w) = -w**3 - 6*w**2 - 4*w + 2. Let b be k(-5). Let v be -3 + (36/b)/(-2). Calculate the greatest common divisor of v and 6.
3
Suppose r = 2*h - 135, -4 + 364 = 5*h + 5*r. Let g be h - (0 - 0 - 3). What is the greatest common factor of 9 and g?
9
Suppose 0 = -2*i - i + 15. Let w be (-30)/(-50) + 147/i. What is the highest common factor of 45 and w?
15
Let t = 98 + -53. Calculate the highest common factor of t and 5.
5
Suppose -229 + 79 = -3*v. Suppose -34 = -2*d + d. Suppose -4*x + 3*w = -d, x + 3*w = -2*x + 36. What is the greatest common divisor of x and v?
10
Suppose 9 = w - 3. Let d be w/78 - 1656/(-52). Let m = -79 - -159. Calculate the greatest common divisor of m and d.
16
Let t(j) = 2*j**2 - 8*j - 1. Let d be t(6). Suppose -3*h + 73 - 4 = 0. Calculate the greatest common factor of h and d.
23
Let l be -3*6/9*-6. What is the highest common factor of l and 8?
4
Let p(i) = -i + 29. Let f be p(21). Calculate the highest common divisor of 44 and f.
4
Let s = -6 + 4. Suppose -14 - 10 = 4*o. Let q be (-64)/(-6) + s/o. Calculate the highest common factor of 121 and q.
11
Suppose 0 = -3*n - 13 + 58. Calculate the highest common divisor of 15 and n.
15
Let z(b) = 4*b**2 + 14*b + 46. Let u be z(-5). What is the greatest common factor of u and 4?
4
Let r(a) = 2*a**2 + 5*a + 2. Let f be r(-4). Let j(b) = b**2 + 4*b - 4. Let t be j(-8). Calculate the highest common factor of f and t.
14
Let u = 10 + 2. Suppose b + 60 = 6*b. Calculate the highest common divisor of u and b.
12
Suppose 565 = 5*r - 275. Calculate the highest common factor of r and 24.
24
Let t = 15 + -1. Let s be 5/((-30)/(-28))*-3. Let w(q) = -9*q. Let p be w(s). Calculate the highest common factor of p and t.
14
Let u(z) = -z - 1. Let g be u(-6). Suppose -f - 145 = -5*l + 25, -f = -g. Suppose -5*c + 54 = 4*m - 2, -5*c = 0. Calculate the highest common factor of m and l.
7
Let a = 50 - 7. Let g = -84 + a. Let s = g + 71. What is the highest common factor of 10 and s?
10
Suppose 36 = f + f. Let a be 16/184 - (-3 - 134/46). What is the highest common factor of f and a?
6
Let s = 5 + 28. Let a = s + -2. Let k = a + -6. Calculate the highest common factor of k and 5.
5
Suppose -28 = 47*t - 48*t. Let l be (-26)/(-2) - (1 + -2). What is the greatest common divisor of l and t?
14
Suppose -4*b = -2*b + 80. Let z be ((-1)/2)/((-4)/b). Let n be (-22)/(-5) + 2/z. Calculate the greatest common factor of n and 4.
4
Suppose t - 11 = -2. Let m(h) = h**2 + 6*h + 4. Let r be m(-6). Let s be (r - 2) + (-2)/2. Calculate the greatest common divisor of s and t.
1
Let d be (-69)/(-2) - (-1)/2. Let y = 8 - 4. Suppose -3*u - 3*t = -4*u - 1, 6 = -u + y*t. What is the greatest common factor of u and d?
7
Let o = -173 + 285. What is the greatest common divisor of 16 and o?
16
Let t be 39/3 + (-4 - -1). Calculate the greatest common factor of t and 10.
10
Suppose q - 3*q + 6 = 0. What is the greatest common divisor of q and 9?
3
Let l(n) = n**2 + n. Let v(d) = -5*d**2 - 8*d + 3. Let i(p) = 6*l(p) + v(p). Let j be i(3). Calculate the greatest common factor of 48 and j.
6
Let c(h) = -6*h - 3. Let q be c(-3). Calculate the greatest common factor of 135 and q.
15
Let o be (-156)/(-10) + (-8)/(-20). Let q = 26 - o. What is the greatest common divisor of q and 25?
5
Suppose f = 12 - 2. Suppose 3*q - o + 6*o - 150 = 0, 2*o = q - 50. Let y = 140 - q. Calculate the highest common divisor of y and f.
10
Suppose 0*n - 4*n + q = -244, n - 4*q = 76. What is the highest common divisor of n and 24?
12
Let o be (-3)/(4 + (-38)/8). What is the highest common factor of o and 2?
2
Suppose 186 + 4 = 3*g + 2*w, 5*w = 2*g - 95. What is the greatest common divisor of 90 and g?
30
Let n(d) = 8*d. Let a be n(2). Calculate the greatest common divisor of a and 8.
8
Let z be (-1 + (-4)/(-2))*6. Suppose b - 4*n - 26 = -b, -2*b = -2*n - 22. What is the greatest common factor of z and b?
3
Let z = 152 - 52. What is the highest common divisor of z and 25?
25
Let o = -53 - -242. What is the greatest common factor of 21 and o?
21
Suppose -20 = 2*y + 2*r, -r + 6 = r. Let c = 49 + y. Let n be 2/(((-3)/(30/25))/(-5)). Calculate the greatest common factor of n and c.
4
Suppose -3*w + 6 = -0. Suppose 5*z - 2 = 3*d + 2, -w*d - 6 = -5*z. Calculate the highest common factor of 14 and z.
2
Let a(p) = -p**2 - 15*p - 2. Let q be a(-8). Suppose 2*l = -l + q. Let y be (16 - 2)*36/14. Calculate the greatest common divisor of y and l.
18
Let z(c) = -4*c**2 - 5*c + 5. Let s be z(-5). Let o be (-3)/((-6)/s)*-3. Calculate the highest common factor of 15 and o.
15
Let b = 2 + 28. What is the greatest common divisor of b and 45?
15
Let d(t) = t**2 - 1. Let z be d(-1). Suppose 4*s - 2*s - 48 = z. Suppose -6*j - 138 = -498. Calculate the greatest common factor of s and j.
12
Suppose 8 = 10*c - 8*c. What is the greatest common divisor of 64 and c?
4
Let k = 219 - 134. Let i = 117 - 83. Calculate the greatest common divisor of i and k.
17
Suppose -931 = 3*p - 10*p. What is the greatest common divisor of 38 and p?
19
Let f = -6 + 72. What is the greatest common divisor of 11 and f?
11
Let v be 95/3 + 4/12. Calculate the highest common divisor of 288 and v.
32
Let r be (-1)/3 - 337/(-3). Let c(u) = -u**3 + 11*u**2 - 2*u + 15. Let b be c(11). Let k = 9 - b. What is the highest common factor of r and k?
16
Let n(a) = 2*a - 1. Let y be n(5). What is the greatest common factor of 18 and y?
9
Let c = -7 - -9. Suppose -c*r + 476 = 3*w + 2*r, 2*w - 4*r = 284. What is the greatest common factor of 19 and w?
19
Suppose 6 = 3*y, 5*x - 3 - 15 = -4*y. Let t be x/(-2)*1 + -2. 